{"id":2859,"date":"2024-06-03T19:09:31","date_gmt":"2024-06-03T19:09:31","guid":{"rendered":"https:\/\/www.colegiocesarvallejo.edu.pe\/inicio\/?page_id=2859"},"modified":"2024-06-10T14:53:51","modified_gmt":"2024-06-10T14:53:51","slug":"niveles-academicos","status":"publish","type":"page","link":"https:\/\/www.colegiocesarvallejo.edu.pe\/inicio\/niveles-academicos\/","title":{"rendered":"Niveles Acad\u00e9micos"},"content":{"rendered":"\n<div class=\"wp-block-uagb-container uagb-block-342b396a alignfull uagb-is-root-container\"><div class=\"uagb-container__shape uagb-container__shape-bottom uagb-container__invert\" data-negative=\"false\"><svg xmlns=\"https:\/\/www.w3.org\/2000\/svg\" viewBox=\"0 0 1000 100\" preserveAspectRatio=\"none\"><path class=\"uagb-container__shape-fill\" d=\"M421.9,6.5c22.6-2.5,51.5,0.4,75.5,5.3c23.6,4.9,70.9,23.5,100.5,35.7c75.8,32.2,133.7,44.5,192.6,49.7  c23.6,2.1,48.7,3.5,103.4-2.5c54.7-6,106.2-25.6,106.2-25.6V0H0v30.3c0,0,72,32.6,158.4,30.5c39.2-0.7,92.8-6.7,134-22.4  c21.2-8.1,52.2-18.2,79.7-24.2C399.3,7.9,411.6,7.5,421.9,6.5z\"><\/path><\/svg><\/div><div class=\"uagb-container-inner-blocks-wrap\">\n<div class=\"wp-block-uagb-info-box uagb-block-56d78cbe uagb-infobox__content-wrap  uagb-infobox-icon-above-title uagb-infobox-image-valign-top\"><div class=\"uagb-ifb-content\"><div class=\"uagb-ifb-title-wrap\"><h3 class=\"uagb-ifb-title\">Niveles Acad\u00e9micos<\/h3><\/div><p class=\"uagb-ifb-desc\">En el Colegio C\u00e9sar Vallejo, ofrecemos una educaci\u00f3n de calidad desde los primeros a\u00f1os de vida hasta la etapa preuniversitaria. Nuestros programas acad\u00e9micos est\u00e1n dise\u00f1ados para brindar una formaci\u00f3n integral que promueva el desarrollo de habilidades, valores y conocimientos en cada etapa del proceso educativo.<\/p><\/div><\/div>\n<\/div><\/div>\n\n\n\n<div class=\"wp-block-uagb-container uagb-block-ybenleyw alignfull uagb-is-root-container\"><div class=\"uagb-container__shape uagb-container__shape-bottom uagb-container__invert\" data-negative=\"false\"><svg xmlns=\"https:\/\/www.w3.org\/2000\/svg\" viewBox=\"0 0 1000 100\" preserveAspectRatio=\"none\"><path class=\"uagb-container__shape-fill\" d=\"M421.9,6.5c22.6-2.5,51.5,0.4,75.5,5.3c23.6,4.9,70.9,23.5,100.5,35.7c75.8,32.2,133.7,44.5,192.6,49.7  c23.6,2.1,48.7,3.5,103.4-2.5c54.7-6,106.2-25.6,106.2-25.6V0H0v30.3c0,0,72,32.6,158.4,30.5c39.2-0.7,92.8-6.7,134-22.4  c21.2-8.1,52.2-18.2,79.7-24.2C399.3,7.9,411.6,7.5,421.9,6.5z\"><\/path><\/svg><\/div>\n<div class=\"wp-block-uagb-container uagb-block-7fptt40q\">\n<div class=\"wp-block-uagb-container uagb-block-qtlauoog\">\n<div class=\"wp-block-uagb-info-box uagb-block-tcw5sl1y uagb-infobox__content-wrap  uagb-infobox-icon-above-title uagb-infobox-image-valign-top\"><div class=\"uagb-ifb-content\"><div class=\"uagb-ifb-title-wrap\"><h3 class=\"uagb-ifb-title\">Inicial<\/h3><\/div><p class=\"uagb-ifb-desc\">En nuestra etapa de Educaci\u00f3n Inicial, acogemos a los m\u00e1s peque\u00f1os, desde los 3 a\u00f1os de edad, ofreciendo un ambiente seguro, estimulante y afectivo que favorece su desarrollo integral.<br>Nuestro enfoque pedag\u00f3gico est\u00e1 centrado en el juego, la exploraci\u00f3n y el aprendizaje activo, preparando a los ni\u00f1os para iniciar su trayectoria escolar con bases s\u00f3lidas.<\/p><div class=\"uagb-ifb-button-wrapper wp-block-button\"><a href=\"#\" class=\"uagb-infobox-cta-link wp-block-button__link\" target=\"_self\" rel=\"noopener noreferrer\" onclick=\"return false;\" alt=\"\"><span class=\"uagb-inline-editing\">m\u00c1S INFORMACI\u00d3N<\/span><\/a><\/div><\/div><\/div>\n<\/div>\n\n\n\n<div class=\"wp-block-uagb-container uagb-block-7hynnrva\">\n<div class=\"wp-block-uagb-info-box uagb-block-bwig94jx uagb-infobox__content-wrap  uagb-infobox-icon-above-title uagb-infobox-image-valign-top\"><div class=\"uagb-ifb-content\"><div class=\"uagb-ifb-title-wrap\"><h3 class=\"uagb-ifb-title\">Primaria<\/h3><\/div><p class=\"uagb-ifb-desc\">Ofrecemos un curr\u00edculo din\u00e1mico y enriquecedor que abarca todas las \u00e1reas del conocimiento. Nuestro objetivo es brindar una formaci\u00f3n acad\u00e9mica s\u00f3lida, fomentando el pensamiento cr\u00edtico, la creatividad y el desarrollo de habilidades sociales y emocionales. Adem\u00e1s, promovemos el trabajo en equipo, el respeto y la responsabilidad como valores fundamentales.<\/p><div class=\"uagb-ifb-button-wrapper wp-block-button\"><a href=\"#\" class=\"uagb-infobox-cta-link wp-block-button__link\" target=\"_self\" rel=\"noopener noreferrer\" onclick=\"return false;\" alt=\"\"><span class=\"uagb-inline-editing\">M\u00c1S INFORMACI\u00d3N<\/span><\/a><\/div><\/div><\/div>\n<\/div>\n\n\n\n<div class=\"wp-block-uagb-container uagb-block-oiedcppv\">\n<div class=\"wp-block-uagb-info-box uagb-block-kjnef5wv uagb-infobox__content-wrap  uagb-infobox-icon-above-title uagb-infobox-image-valign-top\"><div class=\"uagb-ifb-content\"><div class=\"uagb-ifb-title-wrap\"><h3 class=\"uagb-ifb-title\">Secundaria<\/h3><\/div><p class=\"uagb-ifb-desc\">En la etapa de Educaci\u00f3n Secundaria, continuamos acompa\u00f1ando a nuestros estudiantes en su proceso de crecimiento y formaci\u00f3n. Nuestro curr\u00edculo se enfoca en preparar a los j\u00f3venes para enfrentar los desaf\u00edos acad\u00e9micos y personales con \u00e9xito. Adem\u00e1s de brindar una s\u00f3lida formaci\u00f3n acad\u00e9mica, fomentamos el desarrollo de habilidades de liderazgo, autonom\u00eda y responsabilidad social.<\/p><div class=\"uagb-ifb-button-wrapper wp-block-button\"><a href=\"#\" class=\"uagb-infobox-cta-link wp-block-button__link\" target=\"_self\" rel=\"noopener noreferrer\" onclick=\"return false;\" alt=\"\"><span class=\"uagb-inline-editing\">M\u00c1S INFORMACI\u00d3N<\/span><\/a><\/div><\/div><\/div>\n<\/div>\n<\/div>\n<\/div>\n","protected":false},"excerpt":{"rendered":"","protected":false},"author":1,"featured_media":0,"parent":0,"menu_order":0,"comment_status":"closed","ping_status":"closed","template":"","meta":{"_eb_attr":"","_uag_custom_page_level_css":"","site-sidebar-layout":"default","site-content-layout":"","ast-site-content-layout":"full-width-container","site-content-style":"default","site-sidebar-style":"default","ast-global-header-display":"","ast-banner-title-visibility":"","ast-main-header-display":"","ast-hfb-above-header-display":"","ast-hfb-below-header-display":"","ast-hfb-mobile-header-display":"","site-post-title":"disabled","ast-breadcrumbs-content":"","ast-featured-img":"","footer-sml-layout":"","theme-transparent-header-meta":"","adv-header-id-meta":"","stick-header-meta":"","header-above-stick-meta":"","header-main-stick-meta":"","header-below-stick-meta":"","astra-migrate-meta-layouts":"set","ast-page-background-enabled":"default","ast-page-background-meta":{"desktop":{"background-color":"","background-image":"","background-repeat":"repeat","background-position":"center center","background-size":"auto","background-attachment":"scroll","background-type":"","background-media":"","overlay-type":"","overlay-color":"","overlay-gradient":""},"tablet":{"background-color":"","background-image":"","background-repeat":"repeat","background-position":"center center","background-size":"auto","background-attachment":"scroll","background-type":"","background-media":"","overlay-type":"","overlay-color":"","overlay-gradient":""},"mobile":{"background-color":"","background-image":"","background-repeat":"repeat","background-position":"center center","background-size":"auto","background-attachment":"scroll","background-type":"","background-media":"","overlay-type":"","overlay-color":"","overlay-gradient":""}},"ast-content-background-meta":{"desktop":{"background-color":"var(--ast-global-color-5)","background-image":"","background-repeat":"repeat","background-position":"center center","background-size":"auto","background-attachment":"scroll","background-type":"","background-media":"","overlay-type":"","overlay-color":"","overlay-gradient":""},"tablet":{"background-color":"var(--ast-global-color-5)","background-image":"","background-repeat":"repeat","background-position":"center center","background-size":"auto","background-attachment":"scroll","background-type":"","background-media":"","overlay-type":"","overlay-color":"","overlay-gradient":""},"mobile":{"background-color":"var(--ast-global-color-5)","background-image":"","background-repeat":"repeat","background-position":"center center","background-size":"auto","background-attachment":"scroll","background-type":"","background-media":"","overlay-type":"","overlay-color":"","overlay-gradient":""}},"footnotes":""},"class_list":["post-2859","page","type-page","status-publish","hentry"],"uagb_featured_image_src":{"full":false,"thumbnail":false,"medium":false,"medium_large":false,"large":false,"1536x1536":false,"2048x2048":false},"uagb_author_info":{"display_name":"admin","author_link":"https:\/\/www.colegiocesarvallejo.edu.pe\/inicio\/author\/admin\/"},"uagb_comment_info":0,"uagb_excerpt":null,"_links":{"self":[{"href":"https:\/\/www.colegiocesarvallejo.edu.pe\/inicio\/wp-json\/wp\/v2\/pages\/2859","targetHints":{"allow":["GET"]}}],"collection":[{"href":"https:\/\/www.colegiocesarvallejo.edu.pe\/inicio\/wp-json\/wp\/v2\/pages"}],"about":[{"href":"https:\/\/www.colegiocesarvallejo.edu.pe\/inicio\/wp-json\/wp\/v2\/types\/page"}],"author":[{"embeddable":true,"href":"https:\/\/www.colegiocesarvallejo.edu.pe\/inicio\/wp-json\/wp\/v2\/users\/1"}],"replies":[{"embeddable":true,"href":"https:\/\/www.colegiocesarvallejo.edu.pe\/inicio\/wp-json\/wp\/v2\/comments?post=2859"}],"version-history":[{"count":10,"href":"https:\/\/www.colegiocesarvallejo.edu.pe\/inicio\/wp-json\/wp\/v2\/pages\/2859\/revisions"}],"predecessor-version":[{"id":3166,"href":"https:\/\/www.colegiocesarvallejo.edu.pe\/inicio\/wp-json\/wp\/v2\/pages\/2859\/revisions\/3166"}],"wp:attachment":[{"href":"https:\/\/www.colegiocesarvallejo.edu.pe\/inicio\/wp-json\/wp\/v2\/media?parent=2859"}],"curies":[{"name":"wp","href":"https:\/\/api.w.org\/{rel}","templated":true}]}}

Niveles Académicos

<div class="wp-block-uagb-container uagb-block-342b396a alignfull uagb-is-root-container"><div class="uagb-container__shape uagb-container__shape-bottom uagb-container__invert" data-negative="false"><svg xmlns="https://www.w3.org/2000/svg" viewBox="0 0 1000 100" preserveAspectRatio="none"><path class="uagb-container__shape-fill" d="M421.9,6.5c22.6-2.5,51.5,0.4,75.5,5.3c23.6,4.9,70.9,23.5,100.5,35.7c75.8,32.2,133.7,44.5,192.6,49.7  c23.6,2.1,48.7,3.5,103.4-2.5c54.7-6,106.2-25.6,106.2-25.6V0H0v30.3c0,0,72,32.6,158.4,30.5c39.2-0.7,92.8-6.7,134-22.4  c21.2-8.1,52.2-18.2,79.7-24.2C399.3,7.9,411.6,7.5,421.9,6.5z"></path></svg></div><div class="uagb-container-inner-blocks-wrap">
<div class="wp-block-uagb-info-box uagb-block-56d78cbe uagb-infobox__content-wrap  uagb-infobox-icon-above-title uagb-infobox-image-valign-top"><div class="uagb-ifb-content"><div class="uagb-ifb-title-wrap"><h3 class="uagb-ifb-title">Niveles Académicos</h3></div><p class="uagb-ifb-desc">En el Colegio César Vallejo, ofrecemos una educación de calidad desde los primeros años de vida hasta la etapa preuniversitaria. Nuestros programas académicos están diseñados para brindar una formación integral que promueva el desarrollo de habilidades, valores y conocimientos en cada etapa del proceso educativo.</p></div></div>
</div></div>



<div class="wp-block-uagb-container uagb-block-ybenleyw alignfull uagb-is-root-container"><div class="uagb-container__shape uagb-container__shape-bottom uagb-container__invert" data-negative="false"><svg xmlns="https://www.w3.org/2000/svg" viewBox="0 0 1000 100" preserveAspectRatio="none"><path class="uagb-container__shape-fill" d="M421.9,6.5c22.6-2.5,51.5,0.4,75.5,5.3c23.6,4.9,70.9,23.5,100.5,35.7c75.8,32.2,133.7,44.5,192.6,49.7  c23.6,2.1,48.7,3.5,103.4-2.5c54.7-6,106.2-25.6,106.2-25.6V0H0v30.3c0,0,72,32.6,158.4,30.5c39.2-0.7,92.8-6.7,134-22.4  c21.2-8.1,52.2-18.2,79.7-24.2C399.3,7.9,411.6,7.5,421.9,6.5z"></path></svg></div>
<div class="wp-block-uagb-container uagb-block-7fptt40q">
<div class="wp-block-uagb-container uagb-block-qtlauoog">
<div class="wp-block-uagb-info-box uagb-block-tcw5sl1y uagb-infobox__content-wrap  uagb-infobox-icon-above-title uagb-infobox-image-valign-top"><div class="uagb-ifb-content"><div class="uagb-ifb-title-wrap"><h3 class="uagb-ifb-title">Inicial</h3></div><p class="uagb-ifb-desc">En nuestra etapa de Educación Inicial, acogemos a los más pequeños, desde los 3 años de edad, ofreciendo un ambiente seguro, estimulante y afectivo que favorece su desarrollo integral.<br>Nuestro enfoque pedagógico está centrado en el juego, la exploración y el aprendizaje activo, preparando a los niños para iniciar su trayectoria escolar con bases sólidas.</p><div class="uagb-ifb-button-wrapper wp-block-button"><a href="#" class="uagb-infobox-cta-link wp-block-button__link" target="_self" rel="noopener noreferrer" onclick="return false;" alt=""><span class="uagb-inline-editing">mÁS INFORMACIÓN</span></a></div></div></div>
</div>



<div class="wp-block-uagb-container uagb-block-7hynnrva">
<div class="wp-block-uagb-info-box uagb-block-bwig94jx uagb-infobox__content-wrap  uagb-infobox-icon-above-title uagb-infobox-image-valign-top"><div class="uagb-ifb-content"><div class="uagb-ifb-title-wrap"><h3 class="uagb-ifb-title">Primaria</h3></div><p class="uagb-ifb-desc">Ofrecemos un currículo dinámico y enriquecedor que abarca todas las áreas del conocimiento. Nuestro objetivo es brindar una formación académica sólida, fomentando el pensamiento crítico, la creatividad y el desarrollo de habilidades sociales y emocionales. Además, promovemos el trabajo en equipo, el respeto y la responsabilidad como valores fundamentales.</p><div class="uagb-ifb-button-wrapper wp-block-button"><a href="#" class="uagb-infobox-cta-link wp-block-button__link" target="_self" rel="noopener noreferrer" onclick="return false;" alt=""><span class="uagb-inline-editing">MÁS INFORMACIÓN</span></a></div></div></div>
</div>



<div class="wp-block-uagb-container uagb-block-oiedcppv">
<div class="wp-block-uagb-info-box uagb-block-kjnef5wv uagb-infobox__content-wrap  uagb-infobox-icon-above-title uagb-infobox-image-valign-top"><div class="uagb-ifb-content"><div class="uagb-ifb-title-wrap"><h3 class="uagb-ifb-title">Secundaria</h3></div><p class="uagb-ifb-desc">En la etapa de Educación Secundaria, continuamos acompañando a nuestros estudiantes en su proceso de crecimiento y formación. Nuestro currículo se enfoca en preparar a los jóvenes para enfrentar los desafíos académicos y personales con éxito. Además de brindar una sólida formación académica, fomentamos el desarrollo de habilidades de liderazgo, autonomía y responsabilidad social.</p><div class="uagb-ifb-button-wrapper wp-block-button"><a href="#" class="uagb-infobox-cta-link wp-block-button__link" target="_self" rel="noopener noreferrer" onclick="return false;" alt=""><span class="uagb-inline-editing">MÁS INFORMACIÓN</span></a></div></div></div>
</div>
</div>
</div>
